*m**2 + 7*m - 6. Let p be z(-2). Let r(l) = -7*l - 26. What is r(p)?
2
Let h(x) = 17*x + 123. Let f(j) = 9*j + 61. Let i(d) = -5*f(d) + 2*h(d). Let n be i(-6). Let v(g) = g - 2. Determine v(n).
5
Let z(n) = 5*n + 2. Suppose -9*q + 164 + 79 = 0. Let l be (40/(-60))/(6/q). Calculate z(l).
-13
Let o(f) = -7*f + 13. Let x be 42/(-70) - -87*(-14)/(-105). Determine o(x).
-64
Let g(x) = 10 + 7*x**2 + 5*x**3 + 5 - 15 + 3 + 5*x. Let v(z) = -14*z**3 - 19*z**2 - 14*z - 9. Let w(s) = 17*g(s) + 6*v(s). Calculate w(-3).
12
Let x(y) = -2 + 0 - 7*y**2 - 5*y + y**2 - 4 - y**3. Let i(h) = -2*h**2 - 18*h + 66. Let g be i(3). Give x(g).
24
Let p(i) = 3*i - 44. Let t be p(11). Let l(z) = -13*z - 33. Let c be l(t). Let v(o) = 2 - 5*o**3 - 2*o**2 - c*o + 4*o**3 + 113*o. Determine v(-2).
-4
Let z(l) = l**2 - 15. Let k(f) = -3*f**2 + 7*f + 3. Let j(d) = k(d) + 4*z(d). Determine j(-11).
-13
Suppose -41 + 2 = -13*l. Let v(w) = -1 - 7*w**2 + l - 28*w - 26*w + 56*w. Calculate v(2).
-22
Let n(k) be the first derivative of 77 + 0*k + 2/3*k**3 + 1/2*k**2. Calculate n(-3).
15
Let r(l) = l + 11. Suppose -4*k = -2*c + 28, -16*k + 12*k + 4*c - 32 = 0. Let q be (-8 + 74)/k - -2. Calculate r(q).
2
Let a(c) = c**3 + c**2 - c. Let y be (732/16)/((-9)/48). Let i = -243 - y. Determine a(i).
1
Let p(k) = -4*k**2 + k + 2. Suppose h - 2*s - 6 = 0, 33*h + s + 10 = 30*h. Determine p(h).
-16
Suppose 32*x - 4 = -5*s + 28*x, -2*s + 3*x - 3 = 0. Let i(q) be the second derivative of s*q**2 + 0 - 3*q + 1/2*q**3. Calculate i(-3).
-9
Let b be -2 + (4 - 8)/2. Let i be (-8)/4 - b - 1. Let r(g) = -7 + 3*g - i + 7. Calculate r(3).
8
Suppose 0 = h - 6*h. Let l(y) = y**2 - y + 298 + 304 - 901 + 303 - 2*y**2. Determine l(h).
4
Let g(q) = -q**2 - 15*q + 156. Suppose 0 = 73*x + 1326 + 280. What is g(x)?
2
Let x(h) = -4*h**2 + h + 5. Let p(j) = 3*j**2 - 4. Suppose 26 = 2*t + 5*b, 5*b + 7 - 21 = 2*t. Let r(d) = t*p(d) + 2*x(d). Determine r(-2).
-2
Let l(i) = 9*i + 1436 - 712 + i**3 - 10*i**2 - 726. Give l(10).
88
Let p(q) = -q + 23. Let f be p(18). Suppose -j - 7*j = -16. Suppose 7 = j*w - f. Let c(u) = u - 6. Give c(w).
0
Let i(o) = 2*o + 111. Let z(p) = -p + 51. Let d(r) = i(r) - 2*z(r). Let b be 6/(-24) + (-15)/4. What is d(b)?
-7
Let n(w) be the second derivative of -w**3/6 - 2*w**2 - 128*w + 47. Let z(f) = f**2 + 9*f + 9. Let i be z(-6). Determine n(i).
5
Let g(f) = -4*f - 4. Let x(s) = -s - 1. Let r(v) = v**3 - 7*v**2 + 3*v + 4. Let i be 1*7 - (-4 + 15/3). Let m be r(i). Let p(c) = m*x(c) + 4*g(c). Give p(2).
-6
Let d(t) = 601*t - 1208. Let k be d(2). Let m(w) = -2*w - 9. Determine m(k).
3
Let q = -943 - -922. Let s(p) = -3*p + 19. Let k(c) = 9*c - 66. Let z(i) = q*s(i) - 6*k(i). Give z(2).
15
Let j(y) = 4*y - 5. Let z be j(5). Let v(d) be the third derivative of -d**6/120 + 4*d**5/15 - 2*d**4/3 + 3*d**3 + 19*d**2 - 21*d. Determine v(z).
3
Let r(o) = -41 - 4*o + 41 - 2*o - 127 + o. Calculate r(-26).
3
Let g(k) = 2*k**3 - 6*k**2 - k + 6. Let x = 19 + -4. Let b(h) = 2*h**2 - x + h**2 - h**3 + 12. Let r(u) = 5*b(u) + 3*g(u). Calculate r(4).
7
Let v(y) = -5*y - 59. Let c = -7004 + 6992. Determine v(c).
1
Suppose -8 = c - 5*d, -4*d - d = 2*c - 59. Suppose 0 = -22*a + c*a + 20. Let l(h) = a*h - 1 + 2 - 19*h. What is l(-1)?
16
Let i(a) = -a**3 + 5*a**2 - 3*a. Suppose 2*u = 2*h - 6, 5*h - 26 = -5*u - 11. Suppose 5*x + 10 = 0, 11*q + h*x + 10 = 12*q. Give i(q).
4
Suppose k + 22 = -2*h - h, 5*h = -k - 34. Let z be -6*3/(-4)*(-4)/h. Let y(u) be the first derivative of -5*u**2/2 + u - 1. Give y(z).
-14
Let p(u) = 2*u**2 - 2*u - 2. Let a be p(2). Suppose -3*r - 5 = a*r. Let i(n) = -10*n - 3. Let j(z) = -3*z - 1. Let k(g) = i(g) - 2*j(g). Calculate k(r).
3
Let s(j) = j**2 - 5*j + 2. Suppose -3*m - 6 = -2*f - 41, 10 = -2*f - 2*m. Let g be (-1 - 5/f)*2. Let c be g - (-6 - (-15)/5). Give s(c).
-4
Let a(x) = -2*x + 37. Let s(k) = -k + 4. Let q(i) = -i - 1. Let o(n) = -4*q(n) + 3*s(n). Let m be o(0). Determine a(m).
5
Suppose -12*p = -8 - 4. Let i(c) = -4*c - 3. Let d(u) = -1. Let y(a) = 5. Let g(k) = -6*d(k) - y(k). Let f(j) = p*i(j) + 4*g(j). Determine f(-2).
9
Let k(t) = -t**2 - 4*t - 6. Let m be k(-4). Let r(q) be the second derivative of -q**5/20 - q**4/2 + q**3/2 - 2*q**2 - 3205*q. Determine r(m).
-22
Let p(t) be the second derivative of -t**5/20 - t**4/12 - t**3/3 + t**2/2 + 72*t. Suppose -50*g = -53*g - 6. Calculate p(g).
9
Let v(k) = -8*k**2 - 7*k**2 + 4*k**2 + 22*k**3 - 27*k**3 - 6 - 7*k. Let t(s) = 4*s**3 + 10*s**2 + 6*s + 4. Let o(w) = 4*t(w) + 3*v(w). Give o(-6).
16
Let i = -1850 - -1034. Let x = i + 818. Let d(w) = -2*w + 1. Calculate d(x).
-3
Let o(d) = 16*d**2 - 65*d + 124. Let s(w) = -13*w**2 + 65*w - 124. Let y(t) = -5*o(t) - 6*s(t). Calculate y(-34).
22
Let j = -7591 + 7591. Let w(h) = h**2 - 10*h + 43. Give w(j).
43
Let f be (-1)/8 - 4305/(-840). Let r(p) = -p**2 + 2*p - 2. Give r(f).
-17
Let n(f) = -f**2 + 1516*f + 23 + 1513*f + 1521*f - 6048*f + 1511*f. What is n(15)?
-7
Let h(b) be the second derivative of -b**4/6 - 105*b**2 + 72*b. Let x(a) be the first derivative of h(a). Give x(1).
-4
Suppose -5*u + 6 + 24 = 0. Let c(s) be the first derivative of u*s**2 - 17*s**2 + 3*s**2 - 6 + 4*s + 9*s**2. Calculate c(-4).
-4
Let u(z) = 139*z**2 - 15*z - 18. Let o(r) = -23*r**2 + 3*r - 1. Let v(x) = 6*o(x) + u(x). Determine v(-7).
4
Let g(k) = 2*k**2 - 5*k + 6. Let z = 79 + -107. Let a be (-180)/(-35) + 4/z. Determine g(a).
31
Let j(r) = 69 - 35 + 33 - 34 + 11*r + 81. Determine j(-7).
37
Let h(r) = 11*r + 133. Let d be h(20). Let a = 364 - d. Let x(k) = k**3 - 12*k**2 + 12*k - 13. Give x(a).
-2
Suppose -3*d - 162 = -3*t - 153, 10 = -2*d. Let v(i) = -2*i**3 + 2*i**2 + 1. Give v(t).
25
Let f(a) = 30*a + 24*a + 41*a + 272 - 119*a + 39*a. Determine f(-18).
2
Let m be (10 - 1)*1/1. Let d(s) be the third derivative of 81*s**2 + 1/24*s**4 + 0*s + 1/2*s**3 + 1. Calculate d(m).
12
Let d(x) = 10*x + 1. Let g be (-57)/(3/(-20)*1). Let k = g - 379. What is d(k)?
11
Let m(b) = -b**2 - 21*b + 106. Let r be m(-25). Suppose 2*d = -l + 12, r - 58 = -4*d + 5*l. Let x(v) = v**2 - 5*v - 11. What is x(d)?
13
Let q(r) = r**3 + 24*r**2 + 26*r + 29. Let h = -6657 - -6634. Give q(h).
-40
Let a(w) = w**3 - 6*w**2 - 6*w + 3. Suppose f = 23 - 21. Let s be (-220)/(-33) + f/6. Give a(s).
10
Let z(y) = -9*y + 1. Let g(m) = -m**2 - 23*m + 31. Suppose -l + 22 = -r, -19 = r - 3*l - 1. Let d be g(r). Suppose -13 = -d*s - 6. What is z(s)?
-8
Let s(g) be the second derivative of g**4/12 - 5*g**3/2 + 20*g**2 - 2924*g - 1. Determine s(12).
4
Suppose 2*x - x = 14. Suppose -3*k - 32 = -x. Let l(z) be the third derivative of -z**6/120 - z**5/10 + z**4/24 - 2*z**3/3 - 19*z**2. Determine l(k).
-10
Suppose 75*w - 2106 = 36*w. Suppose -w*r + 13*r + 123 = 0. Let t(l) = -2*l**2 + 2*l + 3*l + 0*l - 4. What is t(r)?
-7
Let f(y) be the first derivative of y**3/2 + y**2 + 39*y - 155. Let m(n) be the first derivative of f(n). Determine m(-3).
-7
Let z(x) be the third derivative of -x**4/8 - 5*x**3/6 - 537*x**2. Determine z(13).
-44
Let i(k) = 361 + 4*k**2 + 361 + 4*k**2 - k**3 - 14*k + 2*k**2 - 705. Give i(8).
33
Let y(b) be the first derivative of -b**2 + 55*b - 2875. What is y(8)?
39
Let h(n) = n**2 - 291*n + 1434. Let p be h(5). Let r(l) = -17*l - 4. Calculate r(p).
-72
Let b(d) = d + 1. Let k be b(8). Let i(p) = p + k - 2*p + 0 - 3 - 1. Determine i(-13).
18
Suppose 0*m + 4*g - 2 = 2*m, -5*g = -m - 16. Let r(l) = -m*l + 16 + l + 8*l + l. What is r(-17)?
-1
Let y(d) = -3*d + 45 + 3*d**2 - 47 - 2*d**2. Let b = -934 - -938. Calculate y(b).
2
Let j(h) = 175*h - 65 + 154*h - 312*h. Give j(4).
3
Let b(w) = 6*w + 35 + 5*w**2 + 6*w**2 - 12*w**2 - 31. Let g(p) = p**3 + 5*p**2 + 2*p - 5. Let h be g(-3). What is b(h)?
-3
Let j = 145 + -144. Let i(q) = 9*q - 1. Let s be i(j). Let r(z) = -z**3 + 8*z**2 - 3*z + 12. Give r(s).
-12
Let x(t) be the first derivative of 0*t - 1/120*t**5 - 8/3*t**3 - 1/3*t**4 + 0*t**2 + 28. Let z(j) be the third derivative of x(j). What is z(-6)?
-2
Let s(g) = -3*g**3 + 28*g**2 - g - 53. Let f(r) = 22*r**3 - 195*r**2 + 7*r + 374. Let j(c) = 4*f(c) + 29*s(c). Give j(-32).
-9
Let k(m) be the third derivative of 3*m - 2/3*m**4 + 1/60*m**5 - 2*m**2 + 2*m**3 + 0. What is k(15)?
-3
Let u(w) be the third derivative of -w**8/20160 - w**7/720 - 7*w*